z) be the second derivative of -z**3/6 + 19*z**2/2 + 32*z. What are the prime factors of y(o)?
5, 7
Let m(l) = -1 - 2*l**2 - 6*l - l - 5*l**3 - 3*l**2 + 4*l**3. List the prime factors of m(-5).
2, 17
Suppose a - 2*q + 12 = 2*a, 0 = -2*a + 4*q - 16. Suppose -15*d + d = -2*d. Let v = d + a. What are the prime factors of v?
2
Suppose -5*f - 2*i + 43 = 0, 4*f - 18*i - 31 = -23*i. What are the prime factors of f?
3
Suppose -a - 1 = -24. Let t = a - -18. What are the prime factors of t?
41
Let f = 544 + -305. What are the prime factors of f?
239
Let s(k) = 5 - 8*k + 11*k + 33*k + 2*k**2. What are the prime factors of s(-19)?
43
Suppose 2*n + 8*n = -210. List the prime factors of 12/n + 4634/49.
2, 47
Let c be ((-20)/(-3) - 0)*-3. Suppose 4*j - 385 + 129 = 0. Let a = j + c. List the prime factors of a.
2, 11
Suppose 0 = 3*h - 15 - 72. Let m = 85 - h. Suppose m = 4*n + 8. List the prime factors of n.
2, 3
Suppose -2*m - 6 = -5*j - 27, -31 = 3*m + 5*j. List the prime factors of (-2905)/(-49) - m/(-7).
59
Let j = -122 + 218. Let x = 149 - j. What are the prime factors of x?
53
Suppose 16 = 3*d - 2*k, 2*d + 2*k = 4*k + 12. Suppose d*a - 3*o - 163 - 133 = 0, a = 2*o + 74. List the prime factors of a.
2, 37
Let x(m) = m**2 + 3*m + 833. What are the prime factors of x(0)?
7, 17
Let c = -477 + 995. List the prime factors of c.
2, 7, 37
Let k be 3 + 4*(-12)/(-16) + -3. What are the prime factors of k*(0 + 22/3)?
2, 11
Let s(t) = -4*t + 20. Let c be s(5). Suppose c*l - 236 = -4*l. List the prime factors of l.
59
Let v(l) = -7*l + 27. Let a be 87/27 - 3 - 640/45. What are the prime factors of v(a)?
5
Let a(y) = y**3 + 8*y**2 - 8*y - 11. Suppose -5*q - 2 = 3, 0 = -2*j - 2*q - 20. Let t be a(j). List the prime factors of ((-72)/t)/(1/5).
2, 3
Let m(a) be the second derivative of -a**5/20 + 7*a**4/12 + a**2/2 - a. Suppose 5*p - 4*p + 1 = -b, 3*p = -4*b. List the prime factors of m(b).
37
Let p be 3384/(-20) - (12/(-15))/4. Let c = -98 - p. List the prime factors of c.
71
Let x(o) = -o**3 - 15*o**2 + 2*o + 32. Let y be x(-15). Suppose -v = -y*w - 179, -9*v + 5*v = 3*w - 705. What are the prime factors of v?
3, 59
Suppose -16*y + 15*y + 5*z = -645, 1957 = 3*y - 4*z. List the prime factors of y.
5, 131
Let u = -39 - -70. Let l = u + -22. What are the prime factors of l?
3
Let n = 233 + 261. Let f = -169 + n. What are the prime factors of f?
5, 13
Let o(a) = 59*a**2 + 7*a - 3. Let x be o(4). Suppose -x = -8*w + 495. List the prime factors of w.
3, 61
Suppose -4*s + 1660 + 1004 = 2*c, 0 = 4*s - 4*c - 2676. List the prime factors of s.
23, 29
Let f = 8 - 5. Suppose f*s - 23 + 8 = 0. List the prime factors of (-4)/s*(-18 - 7).
2, 5
Suppose 4*s = 7*s + 2*d - 3, -2*s + 13 = 5*d. What are the prime factors of (5673/124)/(0 + s/(-4))?
3, 61
Let q = 1875 - 1075. List the prime factors of q.
2, 5
Suppose 0*u = 2*d + 2*u + 200, 0 = u + 2. Let f = -62 - d. List the prime factors of f.
2, 3
Suppose 36 = 30*v - 32*v. List the prime factors of 948/v*(-9)/6.
79
Let j = -477 - -284. Let s = -121 - j. What are the prime factors of s?
2, 3
Suppose -5*i + 80 = 5*x, 0 = 6*i - i - 5*x - 130. Let n = -21 + i. Suppose 2*r + 5 = 3*r + u, n = -u. What are the prime factors of r?
5
Let v = 24 + -21. Suppose v*i - 614 = -3*l - l, 5*l - 1025 = -5*i. List the prime factors of i.
2, 103
Let f(l) = -l**3 + 9*l**2 + 5. Let o be f(9). Suppose 3*c - 2*w = -7*w - 122, -o*c - 166 = -w. Let m = c + 68. List the prime factors of m.
2, 17
Suppose -5*c + 782 = 2*q, -3*q = -4*c + c - 1173. What are the prime factors of q?
17, 23
Suppose 8*l = 5*l + i - 7317, -4*l + 4*i - 9764 = 0. List the prime factors of l/(-10) - (-14)/70.
2, 61
What are the prime factors of -7 - (3134 - -2)/(-7)?
3, 7
Suppose 12 = -24*n + 27*n. Suppose 3*g - 2*i - 314 = 0, n*g + 133 = -3*i + 580. What are the prime factors of g?
2, 3
Suppose 5*y = 7*y - 32. What are the prime factors of y/12*(-360)/(-6)?
2, 5
Suppose 9*j = 64*j - 72600. What are the prime factors of j?
2, 3, 5, 11
Let a be 24/(-36) - 2603/(-3). Suppose 2*n = g - 289, g = -2*g + 2*n + a. What are the prime factors of g?
17
Suppose 4*k - 826 = -2*n + 3*k, 3*n = 3*k + 1239. List the prime factors of n.
7, 59
Let t(u) be the first derivative of 13*u**3/3 + 2*u**2 + 2*u + 12. What are the prime factors of t(-2)?
2, 23
Let b be (-6)/(-4)*2 + 158. List the prime factors of 6/7*137 - 69/b.
3, 13
What are the prime factors of (66450/(-165))/((-2)/22)?
2, 5, 443
Suppose -5*h - 3*g = -1575, -2*g - 3*g + 1565 = 5*h. Let u = h + -220. List the prime factors of u.
2, 7
Suppose 3*g = s - 3*s + 3056, 2*g = -2*s + 2036. What are the prime factors of g?
2, 3, 5, 17
Let v(b) = 8*b + 2 + 15*b**2 - 846*b**3 - 1 - 43*b + 845*b**3. What are the prime factors of v(10)?
151
Let c be (-1)/1 - (-4 + 1). Let f be ((-43)/c)/(12/(-24)). Suppose 2*o - 16 = -i + f, 3*o - 90 = -2*i. List the prime factors of o.
2, 7
Let r = 43 + -43. Suppose g - 4*g + 18 = r. List the prime factors of g.
2, 3
Let f(i) = -24*i - 15 + 10*i + 9*i. What are the prime factors of f(-8)?
5
Let m be ((-1305)/(-10))/((-12)/(-16)). Suppose -m = 9*f - 7*f. Let x = -33 - f. List the prime factors of x.
2, 3
Suppose 105 + 15 = 5*l. Let y = 16 + l. What are the prime factors of y?
2, 5
Let q(n) = -68*n - 241. List the prime factors of q(-25).
1459
Suppose 0 = -4*r + 5*r - 4. Suppose r*d = f + 23, -3*f - 7 - 7 = -d. Suppose 4*g - 2*l - 47 = -d*l, -5*g - 5*l = -55. List the prime factors of g.
2, 7
Suppose -2*l + 24 = 18. Suppose -l*h - 4*h = -63. List the prime factors of h.
3
Suppose 4*p = p. Suppose -3*r - l = -r - 336, p = -r - 4*l + 168. List the prime factors of r.
2, 3, 7
Let m(u) be the first derivative of -u**4/4 + 5*u**3 + u**2 + 12*u - 1. What are the prime factors of m(14)?
2, 59
Suppose 8*a = 2*a + 48. Suppose -w - 77 = -a*w. List the prime factors of w.
11
Suppose v - 5*z = 0, -4*z + 3*z + 26 = 5*v. Suppose 0*s = -x - 3*s + 29, 2*x + v*s - 63 = 0. What are the prime factors of x?
2, 11
Let k = 2021 + -154. What are the prime factors of k?
1867
Let p = 4317 - 425. List the prime factors of p.
2, 7, 139
Let t be (1*6/8)/((-13)/936). Let x = t - -207. List the prime factors of x.
3, 17
What are the prime factors of (1254/5)/(-5 - 27/(-5))?
3, 11, 19
Let g = 374 + -171. What are the prime factors of g?
7, 29
What are the prime factors of (-1011)/9*(-12)/4?
337
Suppose -f = 4*c + 63 + 45, 0 = 3*c - 4*f + 100. Let p = c - -6. Let h = p - -40. What are the prime factors of h?
2, 3
Suppose -2*s = -0*s - 1446. List the prime factors of s.
3, 241
Suppose -3*d + n + 0*n = 18, -2*d = -2*n + 8. Let g(t) = 5*t**2 - 5*t - 13. What are the prime factors of g(d)?
3, 89
Suppose -l + q + 221 = 0, 4*l = q - 444 + 1343. Suppose l - 32 = 2*d. List the prime factors of d.
97
Suppose 0 = 2*g + 6, 6*c = 2*c + 2*g + 23230. What are the prime factors of c?
2, 2903
Let u(t) = 11*t + 2. Let i be u(3). Let g(f) = 9*f**3 - 1. Let o be g(-1). Let r = o + i. List the prime factors of r.
5
Let y = -686 - -1821. List the prime factors of y.
5, 227
Let w(y) = 5*y**2 + 22*y - 145. What are the prime factors of w(11)?
2, 3, 13
Let c = -11 + 16. Suppose 8*l - 33 = c*l. Suppose l = i - 1. What are the prime factors of i?
2, 3
Let r = 3139 - 1750. What are the prime factors of r?
3, 463
Let l(y) = 3*y - 19. Let o be l(9). List the prime factors of 98/o - (-3)/(-12).
2, 3
Let k(c) = -c**3 - 11*c**2 - c - 2. Let f be k(-12). Suppose -4*m + f = 3*m. What are the prime factors of m?
2, 11
Suppose 0 = -19*c + 50376 + 20361. What are the prime factors of c?
3, 17, 73
Suppose 3*n + 3*d - 201 = 0, -3*d + 6*d + 296 = 4*n. Suppose -16 = 5*v - n. What are the prime factors of v?
11
Let v(q) = -2*q**2 + 3*q + 10. Let h be v(5). Let p be (-3)/(-15) + (-1070)/h. Let g = 79 - p. List the prime factors of g.
2, 3
Suppose 0 = -5*f + l + 27 + 25, -5*l = -5*f + 40. Suppose 10*a = f*a + 4*m - 19, 6 = -3*m. List the prime factors of a.
3
Let q(b) = 205*b. Let n(p) = 411*p. Let h(z) = 5*n(z) - 9*q(z). List the prime factors of h(1).
2, 3, 5, 7
Let t(r) = r**3 - 6*r**2 + 2*r + 6. Let i be t(3). Suppose -3*k - 4*g = -226, -2*k = -4*k - 2*g + 150. List the prime factors of k*(-2 - i/6).
37
Let s(h) = -h**3 + 2*h**2 - 2*h + 1. Let c be s(2). Let m be 0/((9 + -3)/c). Suppose 5*g - 61